{"id":6089,"date":"2018-03-13T11:00:08","date_gmt":"2018-03-13T10:00:08","guid":{"rendered":"http:\/\/www.sihz.hr\/?page_id=6089"},"modified":"2018-12-03T14:04:57","modified_gmt":"2018-12-03T13:04:57","slug":"izjava-o-politici-zastite-privatnosti","status":"publish","type":"page","link":"https:\/\/sihz.hr\/?page_id=6089","title":{"rendered":"Izjava o politici za\u0161tite privatnosti"},"content":{"rendered":"<p style=\"text-align: justify;\">Sindikat infrastrukture H\u017d-a posve\u0107uje veliku va\u017enost za\u0161titi osobnih podataka.<\/p>\n<p style=\"text-align: justify;\">Ta politika za\u0161tite privatnosti ure\u0111uje odnos prema podatcima koje Sindikat prikuplja prilikom u\u010dlanjenja u Sindikat.<\/p>\n<p style=\"text-align: justify;\"><strong>Prikupljanje i obrada osobnih podataka <\/strong><\/p>\n<p style=\"text-align: justify;\">Sindikat ne prikuplja osobne podatke od \u010dlanova osim kad ih \u010dlan dobrovoljno daje, pri u\u010dlanjenju \u010dime pristaje na njihovo kori\u0161tenje. Kori\u0161tenje osobnih podataka Sindikat \u0107e koristiti isklju\u010divo na na\u010din i u svrhu koja je navedena na Pristupnici (Sindikat, SKUP).<\/p>\n<p style=\"text-align: justify;\">Sindikat je obvezan po\u0161tivati povjerljivost podataka. U slu\u010daju promjene osobnih podataka molimo \u010dlanove da o promjenama obavijeste Sindikat kako bismo ispravili ili a\u017eurirali osobne podatke.<\/p>\n<p style=\"text-align: justify;\">Ula\u017eemo velike napore kako bi se osigurala sigurnost osobnih podataka, pri \u010demu su podatci savjesno za\u0161ti\u0107eni od gubitka, uni\u0161tenja, iskrivljenja odnosno krivotvorenja, manipulacije i neovla\u0161tenoga pristupa te neovla\u0161tenog izdavanja.<\/p>\n<p><strong>Na\u010dela obrade podataka<\/strong><\/p>\n<p>Na\u010dela obrade podataka su osnovna pravila kojih se Sindikat pridr\u017eava prilikom obrade osobnih podataka.\u00a0 Svaka organizacijska jedinica Sindikata du\u017ena je osigurati pridr\u017eavanje na\u010dela obrade podataka.<\/p>\n<p style=\"margin-bottom: 5px;\">Sindikat osobne podatke obra\u0111uje u skladu sa sljede\u0107im na\u010delima obrade:<\/p>\n<ol>\n<li>Zakonito i po\u0161teno \u2013 s obzirom na ispitanike i njihova prava, Sindikat \u0107e obra\u0111ivati osobne podatke ispitanika sukladno va\u017ee\u0107im zakonima i pokrivaju\u0107i sva prava ispitanika.<\/li>\n<li>U skladu s tim, unutar Sindikata definirana su jasna pravila i procesi kako bi se osigurala zakonita i po\u0161tena obrada, a uspostavljeni su i kontrolni mehanizmi ( tehni\u010dke mjere).<\/li>\n<li>Transparentno \u2013 Sindikat \u0107e osigurati transparentnost obrada osobnih podataka te \u0107e, sukladno Uredbi, pru\u017eiti ispitanicima sve potrebne informacije i na zahtjev osigurati ispitanicima uvid u njihove podatke, obrazlo\u017eenja obrada, temelje i zakonitosti obrade i sl.<br \/>\nSindikat \u0107e osigurati informacije ispitanicima kako se osobni podaci koji se odnose na njih prikupljaju, upotrebljavaju, daju na uvid ili na drugi na\u010din obra\u0111uju, kao i do koje se mjere ti osobni podaci obra\u0111uju ili \u0107e se obra\u0111ivati. Ispitanik \u0107e biti pravovremeno, odnosno prije samog prikupljanja podataka, upoznat sa svim relevantnim informacijama.<\/li>\n<li>Uz ograni\u010denje svrhe \u2013 osobni podaci moraju biti prikupljeni u posebne, izri\u010dite i zakonite svrhe te se dalje ne smiju obra\u0111ivati na na\u010din koji nije u skladu s tim svrhama.<\/li>\n<li>Uz ograni\u010denje pohrane \u2013 Sindikat osigurava da su osobni podaci ispitanika \u010duvani u obliku koji omogu\u0107uje identifikaciju ispitanika samo onoliko dugo koliko je potrebno u svrhe radi kojih se osobni podaci obra\u0111uju. Sindikat osobne podatke mo\u017ee pohraniti i dulje, ali za to mora imati jasnu svrhu u smislu zakonske obveze<\/li>\n<li>Koriste\u0107i samo potrebne podatke \u2013Sindikat osobne podatke prikuplja i obra\u0111uje na na\u010din da su primjereni, relevantni i ograni\u010deni na ono \u0161to je nu\u017eno u odnosu na svrhe u koje se obra\u0111uju.<\/li>\n<li>To\u010dnost \u2013 Sindikat osigurava da su podaci to\u010dni i prema potrebi a\u017eurni; mora se poduzeti svaka razumna mjera radi osiguravanja da se osobni podaci koji nisu to\u010dni, uzimaju\u0107i u obzir svrhe u koje se obra\u0111uju, bez odlaganja izbri\u0161u ili isprave. Sindikat osigurava primjenu ovog na\u010dela na na\u010din da uspostavlja redovite kontrole, ali i transparentan proces komunikacije s ispitanicima kroz koji se mo\u017ee zatra\u017eiti ispravak podataka u slu\u010daju da ispitanik primijeti da neki od njegovih osobnih podataka nije ispravno naveden.<\/li>\n<li>Sindikat osigurava sigurnost, nadzor i kontrolu nad podacima i obradama podataka (cjelovitost i povjerljivost) \u2013 Sindikat prikuplja i obra\u0111uje podatke na na\u010din kojim se osigurava odgovaraju\u0107a sigurnost osobnih podataka, uklju\u010duju\u0107i za\u0161titu od neovla\u0161tene ili nezakonite obrade te od slu\u010dajnog gubitka, uni\u0161tenja ili o\u0161te\u0107enja primjenom odgovaraju\u0107ih tehni\u010dkih ili organizacijskih mjera.<\/li>\n<\/ol>\n<p style=\"text-align: justify;\"><strong>Statistika poslu\u017eitelja\u00a0<\/strong><\/p>\n<p style=\"text-align: justify;\">Na\u0161 poslu\u017eitelj globalne mre\u017ee koristi statisti\u010dki program. Ti su programi standardno obilje\u017eje svih web poslu\u017eitelja i nisu karakteristi\u010dni samo za web stranicu SIHZ.hr. Takvi statisti\u010dki programi omogu\u0107uju nam utvr\u0111ivanje onih podataka koji najvi\u0161e ili najmanje zanimaju na\u0161e korisnike. Takav program je potrebno uvesti radi u\u010dinkovitosti strukture na\u0161e web stranice te mjerenja posje\u0107enosti web stranice SIHZ.hr.<\/p>\n<p style=\"text-align: justify;\"><strong>Sigurnost podataka<\/strong><\/p>\n<p style=\"text-align: justify;\">Radi sigurnosti podataka na web stranici SIHZ.hr te kako bismo osigurali da sadr\u017eaji, funkcionalnosti i usluge web stranice SIHZ.hr budu pristupa\u010dni svim korisnicima, ovaj ra\u010dunalni sustav koristi programe koji prate posjete na mre\u017ei te prepoznaje neovla\u0161ten poku\u0161aj izmjene podataka, kao i one koji bi mogli prouzro\u010diti \u0161tetu na neki drugi na\u010din. Neovla\u0161teni poku\u0161aji izmjene podataka na web stranici SIHZ.hr strogo su zabranjeni.<\/p>\n<p style=\"text-align: justify;\"><strong>Kola\u010di\u0107i &#8211; Cookies<\/strong><\/p>\n<p style=\"text-align: justify;\">Pridr\u017eavamo pravo koristiti cookije na web stranici SIHZ.hr.<\/p>\n<p style=\"text-align: justify;\">Cookiji predstavljaju skup podataka koji slu\u017ee kao va\u0161 anonimni individualni identifikator, na na\u010din da ga pojedina stranica web stranice SIHZ.hr koju posje\u0107ujete \u0161alje va\u0161em pregledniku.<\/p>\n<p style=\"text-align: justify;\">Kada pristupite pojedinoj stranici SIHZ.hr, \u0161aljemo vam cookije koji se pohranjuju na va\u0161em ra\u010dunalu i slu\u017ee za bilje\u017eenje informacija o va\u0161im prethodnim posjetama (npr. koliko puta ste pristupili stranicama SIHZ.hr). To zna\u010di da \u0107emo prilikom svakog sljede\u0107eg pristupa na SIHZ.hr potra\u017eiti va\u0161 cookie kako bismo pro\u010ditali u njemu zapisane podatke. Cookie ne sadr\u017ei va\u0161e osobne podatke, nego omogu\u0107uje br\u017ee i u\u010dinkovitije aktiviranje informacija, podataka i postavki koje ste ve\u0107 prethodno priop\u0107ili prilikom pristupa i kori\u0161tenja SIHZ.hr. Na\u0161im cookijima na va\u0161em ra\u010dunalu ne mo\u017ee pristupiti neka web stranica koja nije dio web stranice SIHZ.hr.<\/p>\n<p style=\"text-align: justify;\">Web stranica SIHZ.hr prati statisti\u010dku posje\u0107enost svojih stranica isklju\u010divo radi dobivanja nu\u017enih informacija o privla\u010dnosti i uspje\u0161nosti svojih stranica i pri tom koristi uslugu tre\u0107e strane pod nazivom Google Analytics. Detaljne informacije tre\u0107e strane o ovoj usluzi, kao i o mogu\u0107nostima korisnika da reguliraju postavke cookija koji su za to nu\u017eni, dostupne su na:<br \/>\n<a href=\"http:\/\/www.google.com\/analytics\/learn\/privacy.html\" target=\"_blank\">http:\/\/www.google.com\/analytics\/learn\/privacy.html<\/a>.<\/p>\n<p style=\"text-align: justify;\">Ovla\u0161teni ste zabraniti primanje cookija s web stranice SIHZ.hr tako da u izborniku Alati\/Opcije (Tools\/Options) u svom pregledniku izaberete tu mogu\u0107nost.<\/p>\n<p>&nbsp;<\/p>\n<h2><strong>Novosti koje donosi Op\u0107a uredba o za\u0161titi podataka (GDPR)<\/strong><\/h2>\n<p style=\"text-align: justify;\">Sindikat infrastrukture obra\u0111uje osobne podatke svojih \u010dlanova, \u0161tite\u0107i pritom sigurnost njihovih osobnih podataka od neovla\u0161tene ili nezakonite obrade, primjenjuju\u0107i tehni\u010dke, sigurnosne i organizacijske mjere za\u0161tite.<\/p>\n<p style=\"text-align: justify;\">Op\u0107a uredba o za\u0161titi podataka ili GDPR uredba je (EU) 2016\/679 Europskog parlamenta i Vije\u0107a od 27. travnja 2016. godine o za\u0161titi pojedinaca u vezi s obradom osobnih podataka i o slobodnom kretanju takvih podataka te o stavljanju izvan snage Direktive 95\/46\/EZ.<\/p>\n<p style=\"text-align: justify;\">GDPR \u0107e se izravno primjenjivati u svim dr\u017eavama \u010dlanicama EU-a s danom 25.svibnja 2018. godine.<\/p>\n<p style=\"text-align: justify;\">Stupanjem na snagu GDPR-a u Republici Hrvatskoj prestaje va\u017eiti dosada\u0161nji Zakon o za\u0161titi osobnih podataka, ukida se i Sredi\u0161nji registar zbirki osobnih podataka, koji sada vodi Agencija za za\u0161titu osobnih podataka, te se umjesto toga uvodi Evidencija aktivnosti obrade koju \u0107e voditi sindikat.<\/p>\n<p style=\"text-align: justify;\">Primjenom GDPR-a osigurava se ujedna\u010deno i jednoobrazno postupanje u svim dr\u017eavama \u010dlanicama EU-a vezano uz za\u0161titu osobnih podataka.<\/p>\n<p style=\"text-align: justify;\">U odnosu na trenutno va\u017ee\u0107i Zakon o za\u0161titi osobnih podataka , Uredba uvodi neka nova prava ispitanika, kao \u0161to je pravo na prenosivost podataka, pravo na zaborav, pravo na protivljenje isklju\u010divo automatiziranom pojedina\u010dnom dono\u0161enju odluka, uklju\u010duju\u0107i izradu profila.<\/p>\n<p style=\"text-align: justify;\">Ostala prava ispitanika, kao \u0161to su pristup podatcima, pravo na ispravak, ograni\u010denje obrade, i sada su propisana, me\u0111utim GDPR propisuje znatno ve\u0107e obveze vezane uz transparentnost informacija koje se daju ispitanicima o obradi njihovih osobnih podataka, primateljima, razdoblju \u010duvanja i sli\u010dno.<\/p>\n<p style=\"text-align: justify;\">Osim toga, GDPR stavlja naglasak na na\u010dela zakonitosti, po\u0161tenosti, transparentnosti, a osobito na na\u010delo smanjenja koli\u010dine podataka koji se obra\u0111uju, ograni\u010davanja svrhe, to\u010dnosti, povjerljivosti i cjelovitosti.<\/p>\n<p style=\"text-align: justify;\"><strong>\u0160TO SU SVE OSOBNI PODATCI?<\/strong><\/p>\n<p style=\"text-align: justify;\">Osobnim podatcima smatraju se: ime i prezime, adresa, adresa elektroni\u010dke po\u0161te, IP i MAC adresa, GPS lokacija, RFID tagovi i kola\u010di\u0107i na mre\u017enim stranicama, telefonski broj, fotografija, videozapisi, OIB, biometrijski podatci, genetski podatci, podatci o obrazovanju i stru\u010dnoj spremi, podatci o pla\u0107i, podatci o kreditnom zadu\u017eenju, podatci o ra\u010dunima u banci, podatci o zdravlju, seksualnoj orijentaciji, glas i mnogi drugi podatci koji se odnose na pojedinca \u010diji je identitet utvr\u0111en ili se mo\u017ee utvrditi.<\/p>\n<p style=\"text-align: justify;\">I do sada je sindikat bio uskla\u0111en s propisima koji reguliraju za\u0161titu osobnih podataka, a primjenom Op\u0107e uredbe o za\u0161titi podataka posti\u0107i \u0107e se jo\u0161 ve\u0107i stupanj transparentnosti prema \u010dlanovima vezano uz obradu njihovih osobnih podataka, kako ostvarivanjem razli\u010ditih prava, tako i ve\u0107 spomenutim na\u010delima GDPR-a.<\/p>\n<p style=\"text-align: justify;\"><a href=\"http:\/\/azop.hr\/info-servis\/detaljnije\/vodic-kroz-opcu-uredbu-o-zastiti-podataka\" target=\"_blank\"><strong>Vodi\u010d kroz Op\u0107u uredbu o za\u0161titi podataka<\/strong><\/a><\/p>\n<p><strong><a href=\"https:\/\/narodne-novine.nn.hr\/clanci\/sluzbeni\/2018_05_42_805.html\" target=\"_blank\">Zakon o provedbi Op\u0107e uredbe o za\u0161titi podataka<\/a><\/strong><\/p>\n<p style=\"text-align: justify;\"><a href=\"http:\/\/www.sihz.hr\/wp-content\/uploads\/2018\/03\/Sluzbenik-za-zastitu-osobnih-podataka.pdf\" target=\"_blank\"><strong>Slu\u017ebenik za za\u0161titu osobnih podataka<\/strong><\/a><\/p>\n\n","protected":false},"excerpt":{"rendered":"<p>Sindikat infrastrukture H\u017d-a posve\u0107uje veliku va\u017enost za\u0161titi osobnih podataka. Ta politika za\u0161tite privatnosti ure\u0111uje odnos prema podatcima koje Sindikat prikuplja prilikom u\u010dlanjenja u Sindikat. Prikupljanje i obrada osobnih podataka Sindikat ne prikuplja osobne podatke od \u010dlanova osim kad ih \u010dlan dobrovoljno daje, pri u\u010dlanjenju \u010dime pristaje na njihovo kori\u0161tenje. Kori\u0161tenje osobnih podataka Sindikat \u0107e koristiti [&hellip;]<\/p>\n","protected":false},"author":2,"featured_media":0,"parent":275,"menu_order":33,"comment_status":"closed","ping_status":"closed","template":"","meta":{"_links_to":"","_links_to_target":""},"_links":{"self":[{"href":"https:\/\/sihz.hr\/index.php?rest_route=\/wp\/v2\/pages\/6089"}],"collection":[{"href":"https:\/\/sihz.hr\/index.php?rest_route=\/wp\/v2\/pages"}],"about":[{"href":"https:\/\/sihz.hr\/index.php?rest_route=\/wp\/v2\/types\/page"}],"author":[{"embeddable":true,"href":"https:\/\/sihz.hr\/index.php?rest_route=\/wp\/v2\/users\/2"}],"replies":[{"embeddable":true,"href":"https:\/\/sihz.hr\/index.php?rest_route=%2Fwp%2Fv2%2Fcomments&post=6089"}],"version-history":[{"count":20,"href":"https:\/\/sihz.hr\/index.php?rest_route=\/wp\/v2\/pages\/6089\/revisions"}],"predecessor-version":[{"id":6527,"href":"https:\/\/sihz.hr\/index.php?rest_route=\/wp\/v2\/pages\/6089\/revisions\/6527"}],"up":[{"embeddable":true,"href":"https:\/\/sihz.hr\/index.php?rest_route=\/wp\/v2\/pages\/275"}],"wp:attachment":[{"href":"https:\/\/sihz.hr\/index.php?rest_route=%2Fwp%2Fv2%2Fmedia&parent=6089"}],"curies":[{"name":"wp","href":"https:\/\/api.w.org\/{rel}","templated":true}]}}