{"id":371,"date":"2011-01-01T17:30:17","date_gmt":"2011-01-01T17:30:17","guid":{"rendered":"http:\/\/www.sihz.hr\/?page_id=371"},"modified":"2011-08-28T14:46:24","modified_gmt":"2011-08-28T13:46:24","slug":"pogodnosti-za-clanove","status":"publish","type":"page","link":"https:\/\/sihz.hr\/?page_id=371","title":{"rendered":"Pogodnosti za \u010dlanove"},"content":{"rendered":"  <div class=\"associated-posts\">  \n    <div class=\"associated-post\">\n    <h3 class=\"post-title\">\n     <a href=\"https:\/\/sihz.hr\/?p=7787\" title=\"Pogodnosti &#8211; Wiener osiguranje\">Pogodnosti &#8211; Wiener osiguranje<\/a>\n    <\/h3>\n      \n        \n    <div class=\"post-excerpt\"><p>SIH\u017d u suradnji sa Wiener osiguranjem osigurao pogodnosti za \u010dlanove sindikata i \u010dlanove njihovih obitelji&nbsp; PONUDA<\/p>\n<\/div>\n    \n      <\/div>\n    <div class=\"associated-post\">\n    <h3 class=\"post-title\">\n     <a href=\"https:\/\/sihz.hr\/?p=7571\" title=\"Pogodnosti &#8211; Poliklinika Svjetlost\">Pogodnosti &#8211; Poliklinika Svjetlost<\/a>\n    <\/h3>\n      \n        \n    <div class=\"post-excerpt\"><p>\u010clanovima SIH\u017d-a omogu\u0107eno je kori\u0161tenje svih zdravstvenih usluga Specijalne bolnice za oftalmologiju Svjetlost po sljede\u0107im uvjetima: Poseban popust od 20 % na cijenu izra\u017eenu u slu\u017ebenom cjeniku Klinike Svjetlost na web stranici&nbsp;www.svjetlost.hr&nbsp;za sve preglede i pretrage, te popust na sve operacije navedene u slu\u017ebenom cjeniku Klinike u iznosu od 20%. Kontrolni pregled pla\u0107a se prema [&hellip;]<\/p>\n<\/div>\n    \n      <\/div>\n    <div class=\"associated-post\">\n    <h3 class=\"post-title\">\n     <a href=\"https:\/\/sihz.hr\/?p=7533\" title=\"Popust &#8211; Optika Novi Dvori, Optika Gallery i Poliklinika Odraz\">Popust &#8211; Optika Novi Dvori, Optika Gallery i Poliklinika Odraz<\/a>\n    <\/h3>\n      \n        \n    <div class=\"post-excerpt\"><p>Oblik suradnje: predstavljanje proizvoda i usluga (kratkim info mailom ili tiskominfo kartica) izrada baze klijenata u kojoj bismo \u010duvali sve podatke okorisnicima programa(omogu\u0107uje jednostavan pristup podacima iz nalaza tepravovremeni savjet ili pomo\u0107)Izrada loyality programa koji bi korisnicima programa osigurao: besplatno isptivanje vida od stane optometrista 1x godi\u0161nje trajan popust od 20% na dioptrijske okvire, nao\u010dalne [&hellip;]<\/p>\n<\/div>\n    \n      <\/div>\n    <div class=\"associated-post\">\n    <h3 class=\"post-title\">\n     <a href=\"https:\/\/sihz.hr\/?p=7509\" title=\"Popusti &#8211; C.I.A.K. AUTO\">Popusti &#8211; C.I.A.K. AUTO<\/a>\n    <\/h3>\n      \n        \n    <div class=\"post-excerpt\"><p>Za kupnju roba tvrtke C.I.A.K. AUTO d.o.o. uz predo\u010denje \u010dlanske iskaznice ili uz predo\u010denje potvrde o \u010dlanstvu SIH\u017d-a, tvrtka C.I.A.K. AUTO \u0107e odobriti popust na vrste pla\u0107anja gotovinu i kartica na maloprodajnu bruto cijenu va\u017ee\u0107u na prodajnom mjestu na dan kupnje po sljede\u0107im uvjetima: do 15% na auto gume do 25% na autodijelove (izuzev originalnih [&hellip;]<\/p>\n<\/div>\n    \n      <\/div>\n    <div class=\"associated-post\">\n    <h3 class=\"post-title\">\n     <a href=\"https:\/\/sihz.hr\/?p=7335\" title=\"Popusti &#8211; Dentalni implantolo\u0161ko protetski centar Hur\u010dak\">Popusti &#8211; Dentalni implantolo\u0161ko protetski centar Hur\u010dak<\/a>\n    <\/h3>\n      \n        <div class=\"thumb-frame\">\n      <a href=\"https:\/\/sihz.hr\/?p=7335\" title=\"Popusti &#8211; Dentalni implantolo\u0161ko protetski centar Hur\u010dak\">\n        \n      <\/a>\n    <\/div>\n        \n    <div class=\"post-excerpt\"><p>Dentalni implantolo\u0161ko protetski centar Hur\u010dak ima posebne uvjete za \u010dlanove Sindikata infrastrukture Hrvatskih \u017eeljeznica i za \u010dlanove u\u017ee obitelji za koje vrijedi sljede\u0107e; &#8211; besplatan stomatolo\u0161ki pregled&#8211; besplatan pregled od strane MSc of Oral implantology, stru\u010dno mi\u0161ljenje i plan terapije&#8211; 50% popusta na CBCT 3D snimanje zubi&#8211; 20% popusta na zubne implantate&#8211; 20% popusta na [&hellip;]<\/p>\n<\/div>\n    \n        <div class=\"clear\"><\/div>\n      <\/div>\n    <div class=\"associated-post\">\n    <h3 class=\"post-title\">\n     <a href=\"https:\/\/sihz.hr\/?p=7299\" title=\"Popust 15% u svim poslovnicama Ghetaldus Optike\">Popust 15% u svim poslovnicama Ghetaldus Optike<\/a>\n    <\/h3>\n      \n        <div class=\"thumb-frame\">\n      <a href=\"https:\/\/sihz.hr\/?p=7299\" title=\"Popust 15% u svim poslovnicama Ghetaldus Optike\">\n        \n      <\/a>\n    <\/div>\n        \n    <div class=\"post-excerpt\"><p>\u010clanovi SIH\u017d-a uz predo\u010denje potvrde o \u010dlanstvu u SIH\u017d ostvaruju&nbsp;pravo na popust od 15%&nbsp;na asortiman u svim poslovnicama Ghetaldus Optike. Za dodatne informacije obratite se svojim Glavnim povjerenicima.<\/p>\n<\/div>\n    \n        <div class=\"clear\"><\/div>\n      <\/div>\n    <\/div>\n\n","protected":false},"excerpt":{"rendered":"<p>Pogodnosti &#8211; Wiener osiguranje SIH\u017d u suradnji sa Wiener osiguranjem osigurao pogodnosti za \u010dlanove sindikata i \u010dlanove njihovih obitelji&nbsp; PONUDA Pogodnosti &#8211; Poliklinika Svjetlost \u010clanovima SIH\u017d-a omogu\u0107eno je kori\u0161tenje svih zdravstvenih usluga Specijalne bolnice za oftalmologiju Svjetlost po sljede\u0107im uvjetima: Poseban popust od 20 % na cijenu izra\u017eenu u slu\u017ebenom cjeniku Klinike Svjetlost na web [&hellip;]<\/p>\n","protected":false},"author":1,"featured_media":0,"parent":168,"menu_order":1,"comment_status":"closed","ping_status":"closed","template":"","meta":{"_links_to":"","_links_to_target":""},"_links":{"self":[{"href":"https:\/\/sihz.hr\/index.php?rest_route=\/wp\/v2\/pages\/371"}],"collection":[{"href":"https:\/\/sihz.hr\/index.php?rest_route=\/wp\/v2\/pages"}],"about":[{"href":"https:\/\/sihz.hr\/index.php?rest_route=\/wp\/v2\/types\/page"}],"author":[{"embeddable":true,"href":"https:\/\/sihz.hr\/index.php?rest_route=\/wp\/v2\/users\/1"}],"replies":[{"embeddable":true,"href":"https:\/\/sihz.hr\/index.php?rest_route=%2Fwp%2Fv2%2Fcomments&post=371"}],"version-history":[{"count":6,"href":"https:\/\/sihz.hr\/index.php?rest_route=\/wp\/v2\/pages\/371\/revisions"}],"predecessor-version":[{"id":1431,"href":"https:\/\/sihz.hr\/index.php?rest_route=\/wp\/v2\/pages\/371\/revisions\/1431"}],"up":[{"embeddable":true,"href":"https:\/\/sihz.hr\/index.php?rest_route=\/wp\/v2\/pages\/168"}],"wp:attachment":[{"href":"https:\/\/sihz.hr\/index.php?rest_route=%2Fwp%2Fv2%2Fmedia&parent=371"}],"curies":[{"name":"wp","href":"https:\/\/api.w.org\/{rel}","templated":true}]}}